{"id":24446,"date":"2025-08-28T14:53:43","date_gmt":"2025-08-28T12:53:43","guid":{"rendered":"https:\/\/dev.azhr.tv\/martindorado.es\/?page_id=24446"},"modified":"2025-08-28T15:32:34","modified_gmt":"2025-08-28T13:32:34","slug":"noticias","status":"publish","type":"page","link":"https:\/\/dev.azhr.tv\/martindorado.es\/noticias\/","title":{"rendered":"Blog"},"content":{"rendered":"\t\t<div data-elementor-type=\"wp-page\" data-elementor-id=\"24446\" class=\"elementor elementor-24446\">\n\t\t\t\t\t\t<section class=\"elementor-section elementor-top-section elementor-element elementor-element-71ebebd scheme_light elementor-section-boxed elementor-section-height-default elementor-section-height-default sc_fly_static\" data-id=\"71ebebd\" data-element_type=\"section\" data-settings=\"{&quot;background_background&quot;:&quot;classic&quot;}\">\n\t\t\t\t\t\t\t<div class=\"elementor-background-overlay\"><\/div>\n\t\t\t\t\t\t\t<div class=\"elementor-container elementor-column-gap-extended\">\n\t\t\t\t\t<div class=\"elementor-column elementor-col-100 elementor-top-column elementor-element elementor-element-ae81911 sc_content_align_inherit sc_layouts_column_icons_position_left sc_fly_static\" data-id=\"ae81911\" data-element_type=\"column\">\n\t\t\t<div class=\"elementor-widget-wrap elementor-element-populated\">\n\t\t\t\t\t\t<div class=\"elementor-element elementor-element-10762ea sc_layouts_hide_on_mobile sc_layouts_hide_on_tablet sc_fly_static elementor-widget elementor-widget-spacer\" data-id=\"10762ea\" data-element_type=\"widget\" data-widget_type=\"spacer.default\">\n\t\t\t\t<div class=\"elementor-widget-container\">\n\t\t\t\t\t\t\t<div class=\"elementor-spacer\">\n\t\t\t<div class=\"elementor-spacer-inner\"><\/div>\n\t\t<\/div>\n\t\t\t\t\t\t<\/div>\n\t\t\t\t<\/div>\n\t\t\t\t<div class=\"elementor-element elementor-element-d551d8f sc_height_small sc_fly_static elementor-widget elementor-widget-spacer\" data-id=\"d551d8f\" data-element_type=\"widget\" data-widget_type=\"spacer.default\">\n\t\t\t\t<div class=\"elementor-widget-container\">\n\t\t\t\t\t\t\t<div class=\"elementor-spacer\">\n\t\t\t<div class=\"elementor-spacer-inner\"><\/div>\n\t\t<\/div>\n\t\t\t\t\t\t<\/div>\n\t\t\t\t<\/div>\n\t\t\t\t<div class=\"elementor-element elementor-element-b74d197 sc_fly_static elementor-widget elementor-widget-trx_sc_title\" data-id=\"b74d197\" data-element_type=\"widget\" data-widget_type=\"trx_sc_title.default\">\n\t\t\t\t<div class=\"elementor-widget-container\">\n\t\t\t\t\t<div\t\tclass=\"sc_title sc_title_default\" ><span class=\"sc_item_subtitle sc_title_subtitle sc_align_left sc_item_subtitle_above sc_item_title_style_default\">Mart\u00edn dorado<\/span><h1 class=\"sc_item_title sc_title_title sc_align_left sc_item_title_style_default sc_item_title_tag\"\n\t\t\t><span class=\"sc_item_title_text\">Noticias y novedades<\/span><\/h1><\/div>\t\t\t\t<\/div>\n\t\t\t\t<\/div>\n\t\t\t\t<div class=\"elementor-element elementor-element-55628fd sc_fly_static elementor-widget elementor-widget-spacer\" data-id=\"55628fd\" data-element_type=\"widget\" data-widget_type=\"spacer.default\">\n\t\t\t\t<div class=\"elementor-widget-container\">\n\t\t\t\t\t\t\t<div class=\"elementor-spacer\">\n\t\t\t<div class=\"elementor-spacer-inner\"><\/div>\n\t\t<\/div>\n\t\t\t\t\t\t<\/div>\n\t\t\t\t<\/div>\n\t\t\t\t<div class=\"elementor-element elementor-element-1c779c4 elementor-widget__width-initial sc_fly_static elementor-widget elementor-widget-text-editor\" data-id=\"1c779c4\" data-element_type=\"widget\" data-widget_type=\"text-editor.default\">\n\t\t\t\t<div class=\"elementor-widget-container\">\n\t\t\t\t\t\t\t\t\t<p>Lo \u00faltimo de Mart\u00edn Dorado, contado al d\u00eda: noticias, novedades e ideas que merece la pena compartir.<\/p>\t\t\t\t\t\t\t\t<\/div>\n\t\t\t\t<\/div>\n\t\t\t\t<div class=\"elementor-element elementor-element-06b199f sc_height_small sc_fly_static elementor-widget elementor-widget-spacer\" data-id=\"06b199f\" data-element_type=\"widget\" data-widget_type=\"spacer.default\">\n\t\t\t\t<div class=\"elementor-widget-container\">\n\t\t\t\t\t\t\t<div class=\"elementor-spacer\">\n\t\t\t<div class=\"elementor-spacer-inner\"><\/div>\n\t\t<\/div>\n\t\t\t\t\t\t<\/div>\n\t\t\t\t<\/div>\n\t\t\t\t<div class=\"elementor-element elementor-element-c187db9 sc_layouts_hide_on_mobile sc_layouts_hide_on_tablet sc_fly_static elementor-widget elementor-widget-spacer\" data-id=\"c187db9\" data-element_type=\"widget\" data-widget_type=\"spacer.default\">\n\t\t\t\t<div class=\"elementor-widget-container\">\n\t\t\t\t\t\t\t<div class=\"elementor-spacer\">\n\t\t\t<div class=\"elementor-spacer-inner\"><\/div>\n\t\t<\/div>\n\t\t\t\t\t\t<\/div>\n\t\t\t\t<\/div>\n\t\t\t\t\t<\/div>\n\t\t<\/div>\n\t\t\t\t\t<\/div>\n\t\t<\/section>\n\t\t\t\t<section class=\"elementor-section elementor-top-section elementor-element elementor-element-58c7e1b elementor-section-boxed elementor-section-height-default elementor-section-height-default sc_fly_static\" data-id=\"58c7e1b\" data-element_type=\"section\">\n\t\t\t\t\t\t<div class=\"elementor-container elementor-column-gap-extended\">\n\t\t\t\t\t<div class=\"elementor-column elementor-col-100 elementor-top-column elementor-element elementor-element-183f7c0 sc_content_align_inherit sc_layouts_column_icons_position_left sc_fly_static\" data-id=\"183f7c0\" data-element_type=\"column\">\n\t\t\t<div class=\"elementor-widget-wrap elementor-element-populated\">\n\t\t\t\t\t\t<div class=\"elementor-element elementor-element-5a72e23 sc_height_huge sc_fly_static elementor-widget elementor-widget-spacer\" data-id=\"5a72e23\" data-element_type=\"widget\" data-widget_type=\"spacer.default\">\n\t\t\t\t<div class=\"elementor-widget-container\">\n\t\t\t\t\t\t\t<div class=\"elementor-spacer\">\n\t\t\t<div class=\"elementor-spacer-inner\"><\/div>\n\t\t<\/div>\n\t\t\t\t\t\t<\/div>\n\t\t\t\t<\/div>\n\t\t\t\t<div class=\"elementor-element elementor-element-8570918 sc_style_default sc_fly_static elementor-widget elementor-widget-trx_sc_blogger\" data-id=\"8570918\" data-element_type=\"widget\" data-widget_type=\"trx_sc_blogger.default\">\n\t\t\t\t<div class=\"elementor-widget-container\">\n\t\t\t\t\t<div \t\tclass=\"sc_blogger sc_blogger_classic-masonry sc_blogger_classic-masonry_default sc_item_filters_tabs_none alignnone\" ><div class=\"sc_blogger_content sc_item_content sc_item_posts_container posts_container classic-masonry_wrap classic-masonry_3 masonry_wrap masonry_3\" ><div class=\"masonry_item masonry_item-1_3\"><article id=\"post-22169\" data-post-id=\"22169\"\r\n\tclass=\"post_item post_item_container post_format_standard post_layout_classic post_layout_classic_3 post_layout_classic-masonry post_layout_classic-masonry_3 post-22169 post type-post status-publish format-standard has-post-thumbnail hentry category-noticias-y-novedades\">\r\n\t<div class=\"post_featured with_thumb hover_link\"><img fetchpriority=\"high\" decoding=\"async\" width=\"1920\" height=\"1280\" src=\"https:\/\/dev.azhr.tv\/martindorado.es\/wp-content\/uploads\/2025\/07\/blog06-1920x1280-1.jpg\" class=\"attachment-full size-full wp-post-image\" alt=\"\" srcset=\"https:\/\/dev.azhr.tv\/martindorado.es\/wp-content\/uploads\/2025\/07\/blog06-1920x1280-1.jpg 1920w, https:\/\/dev.azhr.tv\/martindorado.es\/wp-content\/uploads\/2025\/07\/blog06-1920x1280-1-300x200.jpg 300w, https:\/\/dev.azhr.tv\/martindorado.es\/wp-content\/uploads\/2025\/07\/blog06-1920x1280-1-1024x683.jpg 1024w, https:\/\/dev.azhr.tv\/martindorado.es\/wp-content\/uploads\/2025\/07\/blog06-1920x1280-1-768x512.jpg 768w, https:\/\/dev.azhr.tv\/martindorado.es\/wp-content\/uploads\/2025\/07\/blog06-1920x1280-1-1536x1024.jpg 1536w, https:\/\/dev.azhr.tv\/martindorado.es\/wp-content\/uploads\/2025\/07\/blog06-1920x1280-1-370x247.jpg 370w, https:\/\/dev.azhr.tv\/martindorado.es\/wp-content\/uploads\/2025\/07\/blog06-1920x1280-1-840x560.jpg 840w, https:\/\/dev.azhr.tv\/martindorado.es\/wp-content\/uploads\/2025\/07\/blog06-1920x1280-1-410x273.jpg 410w, https:\/\/dev.azhr.tv\/martindorado.es\/wp-content\/uploads\/2025\/07\/blog06-1920x1280-1-600x400.jpg 600w\" sizes=\"(max-width: 1920px) 100vw, 1920px\" \/>\t\t\t\t\t\t<div class=\"mask\"><\/div>\n\t\t\t\t\t\t\t\t\t<a href=\"https:\/\/dev.azhr.tv\/martindorado.es\/5-hitos-que-cambiaron-la-historia-de-isla-cristina\/\"  aria-hidden=\"true\" class=\"link\"><\/a>\r\n\t\t\t<\/div>\t\t<div class=\"post_header entry-header\">\r\n\t\t\t<div class=\"post_meta\"><span class=\"post_meta_item post_categories cat_sep\"><a href=\"https:\/\/dev.azhr.tv\/martindorado.es\/category\/noticias-y-novedades\/\" rel=\"category tag\">Noticias y novedades<\/a><\/span><span class=\"post_meta_item post_date\"><a href=\"https:\/\/dev.azhr.tv\/martindorado.es\/5-hitos-que-cambiaron-la-historia-de-isla-cristina\/\">2 de julio de 2025<\/a><\/span><\/div><h4 class=\"post_title entry-title\"><a href=\"https:\/\/dev.azhr.tv\/martindorado.es\/5-hitos-que-cambiaron-la-historia-de-isla-cristina\/\" rel=\"bookmark\">5 hitos que cambiaron la historia de Isla Cristina<\/a><\/h4>\t\t<\/div><!-- .entry-header -->\r\n\t\t\r\n<\/article><\/div><div class=\"masonry_item masonry_item-1_3\"><article id=\"post-22165\" data-post-id=\"22165\"\r\n\tclass=\"post_item post_item_container post_format_standard post_layout_classic post_layout_classic_3 post_layout_classic-masonry post_layout_classic-masonry_3 post-22165 post type-post status-publish format-standard has-post-thumbnail hentry category-noticias-y-novedades\">\r\n\t<div class=\"post_featured with_thumb hover_link\"><img decoding=\"async\" width=\"1920\" height=\"1280\" src=\"https:\/\/dev.azhr.tv\/martindorado.es\/wp-content\/uploads\/2025\/07\/blog05-1920x1280-1.jpg\" class=\"attachment-full size-full wp-post-image\" alt=\"\" srcset=\"https:\/\/dev.azhr.tv\/martindorado.es\/wp-content\/uploads\/2025\/07\/blog05-1920x1280-1.jpg 1920w, https:\/\/dev.azhr.tv\/martindorado.es\/wp-content\/uploads\/2025\/07\/blog05-1920x1280-1-300x200.jpg 300w, https:\/\/dev.azhr.tv\/martindorado.es\/wp-content\/uploads\/2025\/07\/blog05-1920x1280-1-1024x683.jpg 1024w, https:\/\/dev.azhr.tv\/martindorado.es\/wp-content\/uploads\/2025\/07\/blog05-1920x1280-1-768x512.jpg 768w, https:\/\/dev.azhr.tv\/martindorado.es\/wp-content\/uploads\/2025\/07\/blog05-1920x1280-1-1536x1024.jpg 1536w, https:\/\/dev.azhr.tv\/martindorado.es\/wp-content\/uploads\/2025\/07\/blog05-1920x1280-1-370x247.jpg 370w, https:\/\/dev.azhr.tv\/martindorado.es\/wp-content\/uploads\/2025\/07\/blog05-1920x1280-1-840x560.jpg 840w, https:\/\/dev.azhr.tv\/martindorado.es\/wp-content\/uploads\/2025\/07\/blog05-1920x1280-1-410x273.jpg 410w, https:\/\/dev.azhr.tv\/martindorado.es\/wp-content\/uploads\/2025\/07\/blog05-1920x1280-1-600x400.jpg 600w\" sizes=\"(max-width: 1920px) 100vw, 1920px\" \/>\t\t\t\t\t\t<div class=\"mask\"><\/div>\n\t\t\t\t\t\t\t\t\t<a href=\"https:\/\/dev.azhr.tv\/martindorado.es\/el-atun-y-sus-elaborados-como-la-mojama-tienen-una-gran-importancia-en-la-economia-y-la-vida-de-isla-cristina\/\"  aria-hidden=\"true\" class=\"link\"><\/a>\r\n\t\t\t<\/div>\t\t<div class=\"post_header entry-header\">\r\n\t\t\t<div class=\"post_meta\"><span class=\"post_meta_item post_categories cat_sep\"><a href=\"https:\/\/dev.azhr.tv\/martindorado.es\/category\/noticias-y-novedades\/\" rel=\"category tag\">Noticias y novedades<\/a><\/span><span class=\"post_meta_item post_date\"><a href=\"https:\/\/dev.azhr.tv\/martindorado.es\/el-atun-y-sus-elaborados-como-la-mojama-tienen-una-gran-importancia-en-la-economia-y-la-vida-de-isla-cristina\/\">2 de julio de 2025<\/a><\/span><\/div><h4 class=\"post_title entry-title\"><a href=\"https:\/\/dev.azhr.tv\/martindorado.es\/el-atun-y-sus-elaborados-como-la-mojama-tienen-una-gran-importancia-en-la-economia-y-la-vida-de-isla-cristina\/\" rel=\"bookmark\">El at\u00fan y sus elaborados, como la mojama, tienen una gran importancia en la econom\u00eda y la vida de Isla Cristina<\/a><\/h4>\t\t<\/div><!-- .entry-header -->\r\n\t\t\r\n<\/article><\/div><div class=\"masonry_item masonry_item-1_3\"><article id=\"post-22158\" data-post-id=\"22158\"\r\n\tclass=\"post_item post_item_container post_format_standard post_layout_classic post_layout_classic_3 post_layout_classic-masonry post_layout_classic-masonry_3 post-22158 post type-post status-publish format-standard has-post-thumbnail hentry category-noticias-y-novedades\">\r\n\t<div class=\"post_featured with_thumb hover_link\"><img decoding=\"async\" width=\"1920\" height=\"1280\" src=\"https:\/\/dev.azhr.tv\/martindorado.es\/wp-content\/uploads\/2023\/04\/blog04-1920x1280-1.jpg\" class=\"attachment-full size-full wp-post-image\" alt=\"\" srcset=\"https:\/\/dev.azhr.tv\/martindorado.es\/wp-content\/uploads\/2023\/04\/blog04-1920x1280-1.jpg 1920w, https:\/\/dev.azhr.tv\/martindorado.es\/wp-content\/uploads\/2023\/04\/blog04-1920x1280-1-300x200.jpg 300w, https:\/\/dev.azhr.tv\/martindorado.es\/wp-content\/uploads\/2023\/04\/blog04-1920x1280-1-1024x683.jpg 1024w, https:\/\/dev.azhr.tv\/martindorado.es\/wp-content\/uploads\/2023\/04\/blog04-1920x1280-1-768x512.jpg 768w, https:\/\/dev.azhr.tv\/martindorado.es\/wp-content\/uploads\/2023\/04\/blog04-1920x1280-1-1536x1024.jpg 1536w, https:\/\/dev.azhr.tv\/martindorado.es\/wp-content\/uploads\/2023\/04\/blog04-1920x1280-1-370x247.jpg 370w, https:\/\/dev.azhr.tv\/martindorado.es\/wp-content\/uploads\/2023\/04\/blog04-1920x1280-1-840x560.jpg 840w, https:\/\/dev.azhr.tv\/martindorado.es\/wp-content\/uploads\/2023\/04\/blog04-1920x1280-1-410x273.jpg 410w, https:\/\/dev.azhr.tv\/martindorado.es\/wp-content\/uploads\/2023\/04\/blog04-1920x1280-1-600x400.jpg 600w\" sizes=\"(max-width: 1920px) 100vw, 1920px\" \/>\t\t\t\t\t\t<div class=\"mask\"><\/div>\n\t\t\t\t\t\t\t\t\t<a href=\"https:\/\/dev.azhr.tv\/martindorado.es\/cuales-son-las-diferencias-entre-el-atun-rojo-y-el-amarillo\/\"  aria-hidden=\"true\" class=\"link\"><\/a>\r\n\t\t\t<\/div>\t\t<div class=\"post_header entry-header\">\r\n\t\t\t<div class=\"post_meta\"><span class=\"post_meta_item post_categories cat_sep\"><a href=\"https:\/\/dev.azhr.tv\/martindorado.es\/category\/noticias-y-novedades\/\" rel=\"category tag\">Noticias y novedades<\/a><\/span><span class=\"post_meta_item post_date\"><a href=\"https:\/\/dev.azhr.tv\/martindorado.es\/cuales-son-las-diferencias-entre-el-atun-rojo-y-el-amarillo\/\">2 de julio de 2025<\/a><\/span><\/div><h4 class=\"post_title entry-title\"><a href=\"https:\/\/dev.azhr.tv\/martindorado.es\/cuales-son-las-diferencias-entre-el-atun-rojo-y-el-amarillo\/\" rel=\"bookmark\">Cu\u00e1les son las diferencias entre el at\u00fan rojo y el amarillo<\/a><\/h4>\t\t<\/div><!-- .entry-header -->\r\n\t\t\r\n<\/article><\/div><div class=\"masonry_item masonry_item-1_3\"><article id=\"post-21594\" data-post-id=\"21594\"\r\n\tclass=\"post_item post_item_container post_format_standard post_layout_classic post_layout_classic_3 post_layout_classic-masonry post_layout_classic-masonry_3 post-21594 post type-post status-publish format-standard has-post-thumbnail hentry category-noticias-y-novedades\">\r\n\t<div class=\"post_featured with_thumb hover_link\"><img loading=\"lazy\" decoding=\"async\" width=\"1920\" height=\"1280\" src=\"https:\/\/dev.azhr.tv\/martindorado.es\/wp-content\/uploads\/2025\/05\/blog03-1920x1280-1.jpg\" class=\"attachment-full size-full wp-post-image\" alt=\"\" srcset=\"https:\/\/dev.azhr.tv\/martindorado.es\/wp-content\/uploads\/2025\/05\/blog03-1920x1280-1.jpg 1920w, https:\/\/dev.azhr.tv\/martindorado.es\/wp-content\/uploads\/2025\/05\/blog03-1920x1280-1-300x200.jpg 300w, https:\/\/dev.azhr.tv\/martindorado.es\/wp-content\/uploads\/2025\/05\/blog03-1920x1280-1-1024x683.jpg 1024w, https:\/\/dev.azhr.tv\/martindorado.es\/wp-content\/uploads\/2025\/05\/blog03-1920x1280-1-768x512.jpg 768w, https:\/\/dev.azhr.tv\/martindorado.es\/wp-content\/uploads\/2025\/05\/blog03-1920x1280-1-1536x1024.jpg 1536w, https:\/\/dev.azhr.tv\/martindorado.es\/wp-content\/uploads\/2025\/05\/blog03-1920x1280-1-370x247.jpg 370w, https:\/\/dev.azhr.tv\/martindorado.es\/wp-content\/uploads\/2025\/05\/blog03-1920x1280-1-840x560.jpg 840w, https:\/\/dev.azhr.tv\/martindorado.es\/wp-content\/uploads\/2025\/05\/blog03-1920x1280-1-410x273.jpg 410w, https:\/\/dev.azhr.tv\/martindorado.es\/wp-content\/uploads\/2025\/05\/blog03-1920x1280-1-600x400.jpg 600w\" sizes=\"(max-width: 1920px) 100vw, 1920px\" \/>\t\t\t\t\t\t<div class=\"mask\"><\/div>\n\t\t\t\t\t\t\t\t\t<a href=\"https:\/\/dev.azhr.tv\/martindorado.es\/que-caracteristicas-ha-de-tener-una-mojama-con-denominacion-de-origen-isla-cristina\/\"  aria-hidden=\"true\" class=\"link\"><\/a>\r\n\t\t\t<\/div>\t\t<div class=\"post_header entry-header\">\r\n\t\t\t<div class=\"post_meta\"><span class=\"post_meta_item post_categories cat_sep\"><a href=\"https:\/\/dev.azhr.tv\/martindorado.es\/category\/noticias-y-novedades\/\" rel=\"category tag\">Noticias y novedades<\/a><\/span><span class=\"post_meta_item post_date\"><a href=\"https:\/\/dev.azhr.tv\/martindorado.es\/que-caracteristicas-ha-de-tener-una-mojama-con-denominacion-de-origen-isla-cristina\/\">30 de mayo de 2025<\/a><\/span><\/div><h4 class=\"post_title entry-title\"><a href=\"https:\/\/dev.azhr.tv\/martindorado.es\/que-caracteristicas-ha-de-tener-una-mojama-con-denominacion-de-origen-isla-cristina\/\" rel=\"bookmark\">Qu\u00e9 caracter\u00edsticas ha de tener una mojama con denominaci\u00f3n de origen Isla Cristina<\/a><\/h4>\t\t<\/div><!-- .entry-header -->\r\n\t\t\r\n<\/article><\/div><div class=\"masonry_item masonry_item-1_3\"><article id=\"post-21589\" data-post-id=\"21589\"\r\n\tclass=\"post_item post_item_container post_format_standard post_layout_classic post_layout_classic_3 post_layout_classic-masonry post_layout_classic-masonry_3 post-21589 post type-post status-publish format-standard has-post-thumbnail hentry category-noticias-y-novedades\">\r\n\t<div class=\"post_featured with_thumb hover_link\"><img loading=\"lazy\" decoding=\"async\" width=\"1920\" height=\"1280\" src=\"https:\/\/dev.azhr.tv\/martindorado.es\/wp-content\/uploads\/2025\/05\/blog02-1920x1280-1.jpg\" class=\"attachment-full size-full wp-post-image\" alt=\"\" srcset=\"https:\/\/dev.azhr.tv\/martindorado.es\/wp-content\/uploads\/2025\/05\/blog02-1920x1280-1.jpg 1920w, https:\/\/dev.azhr.tv\/martindorado.es\/wp-content\/uploads\/2025\/05\/blog02-1920x1280-1-300x200.jpg 300w, https:\/\/dev.azhr.tv\/martindorado.es\/wp-content\/uploads\/2025\/05\/blog02-1920x1280-1-1024x683.jpg 1024w, https:\/\/dev.azhr.tv\/martindorado.es\/wp-content\/uploads\/2025\/05\/blog02-1920x1280-1-768x512.jpg 768w, https:\/\/dev.azhr.tv\/martindorado.es\/wp-content\/uploads\/2025\/05\/blog02-1920x1280-1-1536x1024.jpg 1536w, https:\/\/dev.azhr.tv\/martindorado.es\/wp-content\/uploads\/2025\/05\/blog02-1920x1280-1-370x247.jpg 370w, https:\/\/dev.azhr.tv\/martindorado.es\/wp-content\/uploads\/2025\/05\/blog02-1920x1280-1-840x560.jpg 840w, https:\/\/dev.azhr.tv\/martindorado.es\/wp-content\/uploads\/2025\/05\/blog02-1920x1280-1-410x273.jpg 410w, https:\/\/dev.azhr.tv\/martindorado.es\/wp-content\/uploads\/2025\/05\/blog02-1920x1280-1-600x400.jpg 600w\" sizes=\"(max-width: 1920px) 100vw, 1920px\" \/>\t\t\t\t\t\t<div class=\"mask\"><\/div>\n\t\t\t\t\t\t\t\t\t<a href=\"https:\/\/dev.azhr.tv\/martindorado.es\/principales-pesquerias-de-la-flota-de-isla-cristina\/\"  aria-hidden=\"true\" class=\"link\"><\/a>\r\n\t\t\t<\/div>\t\t<div class=\"post_header entry-header\">\r\n\t\t\t<div class=\"post_meta\"><span class=\"post_meta_item post_categories cat_sep\"><a href=\"https:\/\/dev.azhr.tv\/martindorado.es\/category\/noticias-y-novedades\/\" rel=\"category tag\">Noticias y novedades<\/a><\/span><span class=\"post_meta_item post_date\"><a href=\"https:\/\/dev.azhr.tv\/martindorado.es\/principales-pesquerias-de-la-flota-de-isla-cristina\/\">29 de mayo de 2025<\/a><\/span><\/div><h4 class=\"post_title entry-title\"><a href=\"https:\/\/dev.azhr.tv\/martindorado.es\/principales-pesquerias-de-la-flota-de-isla-cristina\/\" rel=\"bookmark\">Principales pesquer\u00edas de la flota de Isla Cristina<\/a><\/h4>\t\t<\/div><!-- .entry-header -->\r\n\t\t\r\n<\/article><\/div><div class=\"masonry_item masonry_item-1_3\"><article id=\"post-21579\" data-post-id=\"21579\"\r\n\tclass=\"post_item post_item_container post_format_standard post_layout_classic post_layout_classic_3 post_layout_classic-masonry post_layout_classic-masonry_3 post-21579 post type-post status-publish format-standard has-post-thumbnail hentry category-noticias-y-novedades\">\r\n\t<div class=\"post_featured with_thumb hover_link\"><img loading=\"lazy\" decoding=\"async\" width=\"1920\" height=\"1280\" src=\"https:\/\/dev.azhr.tv\/martindorado.es\/wp-content\/uploads\/2025\/05\/blog01-1920x1280-1.jpg\" class=\"attachment-full size-full wp-post-image\" alt=\"\" srcset=\"https:\/\/dev.azhr.tv\/martindorado.es\/wp-content\/uploads\/2025\/05\/blog01-1920x1280-1.jpg 1920w, https:\/\/dev.azhr.tv\/martindorado.es\/wp-content\/uploads\/2025\/05\/blog01-1920x1280-1-300x200.jpg 300w, https:\/\/dev.azhr.tv\/martindorado.es\/wp-content\/uploads\/2025\/05\/blog01-1920x1280-1-1024x683.jpg 1024w, https:\/\/dev.azhr.tv\/martindorado.es\/wp-content\/uploads\/2025\/05\/blog01-1920x1280-1-768x512.jpg 768w, https:\/\/dev.azhr.tv\/martindorado.es\/wp-content\/uploads\/2025\/05\/blog01-1920x1280-1-1536x1024.jpg 1536w, https:\/\/dev.azhr.tv\/martindorado.es\/wp-content\/uploads\/2025\/05\/blog01-1920x1280-1-370x247.jpg 370w, https:\/\/dev.azhr.tv\/martindorado.es\/wp-content\/uploads\/2025\/05\/blog01-1920x1280-1-840x560.jpg 840w, https:\/\/dev.azhr.tv\/martindorado.es\/wp-content\/uploads\/2025\/05\/blog01-1920x1280-1-410x273.jpg 410w, https:\/\/dev.azhr.tv\/martindorado.es\/wp-content\/uploads\/2025\/05\/blog01-1920x1280-1-600x400.jpg 600w\" sizes=\"(max-width: 1920px) 100vw, 1920px\" \/>\t\t\t\t\t\t<div class=\"mask\"><\/div>\n\t\t\t\t\t\t\t\t\t<a href=\"https:\/\/dev.azhr.tv\/martindorado.es\/kaitai-el-rito-de-despice-del-atun-en-japon\/\"  aria-hidden=\"true\" class=\"link\"><\/a>\r\n\t\t\t<\/div>\t\t<div class=\"post_header entry-header\">\r\n\t\t\t<div class=\"post_meta\"><span class=\"post_meta_item post_categories cat_sep\"><a href=\"https:\/\/dev.azhr.tv\/martindorado.es\/category\/noticias-y-novedades\/\" rel=\"category tag\">Noticias y novedades<\/a><\/span><span class=\"post_meta_item post_date\"><a href=\"https:\/\/dev.azhr.tv\/martindorado.es\/kaitai-el-rito-de-despice-del-atun-en-japon\/\">29 de mayo de 2025<\/a><\/span><\/div><h4 class=\"post_title entry-title\"><a href=\"https:\/\/dev.azhr.tv\/martindorado.es\/kaitai-el-rito-de-despice-del-atun-en-japon\/\" rel=\"bookmark\">\u00abkaitai\u00bb el rito de despice del at\u00fan en jap\u00f3n<\/a><\/h4>\t\t<\/div><!-- .entry-header -->\r\n\t\t\r\n<\/article><\/div><\/div><\/div>\t\t\t\t<\/div>\n\t\t\t\t<\/div>\n\t\t\t\t<div class=\"elementor-element elementor-element-817292a sc_height_huge sc_fly_static elementor-widget elementor-widget-spacer\" data-id=\"817292a\" data-element_type=\"widget\" data-widget_type=\"spacer.default\">\n\t\t\t\t<div class=\"elementor-widget-container\">\n\t\t\t\t\t\t\t<div class=\"elementor-spacer\">\n\t\t\t<div class=\"elementor-spacer-inner\"><\/div>\n\t\t<\/div>\n\t\t\t\t\t\t<\/div>\n\t\t\t\t<\/div>\n\t\t\t\t\t<\/div>\n\t\t<\/div>\n\t\t\t\t\t<\/div>\n\t\t<\/section>\n\t\t\t\t<\/div>\n\t\t","protected":false},"excerpt":{"rendered":"<p>Mart\u00edn dorado Noticias y novedades Lo \u00faltimo de Mart\u00edn Dorado, contado al d\u00eda: noticias, novedades e ideas que merece la pena compartir. Noticias y novedades2 de julio de 2025 5&hellip;<\/p>\n","protected":false},"author":1,"featured_media":0,"parent":0,"menu_order":0,"comment_status":"closed","ping_status":"closed","template":"","meta":{"footnotes":""},"class_list":["post-24446","page","type-page","status-publish","hentry"],"_links":{"self":[{"href":"https:\/\/dev.azhr.tv\/martindorado.es\/wp-json\/wp\/v2\/pages\/24446","targetHints":{"allow":["GET"]}}],"collection":[{"href":"https:\/\/dev.azhr.tv\/martindorado.es\/wp-json\/wp\/v2\/pages"}],"about":[{"href":"https:\/\/dev.azhr.tv\/martindorado.es\/wp-json\/wp\/v2\/types\/page"}],"author":[{"embeddable":true,"href":"https:\/\/dev.azhr.tv\/martindorado.es\/wp-json\/wp\/v2\/users\/1"}],"replies":[{"embeddable":true,"href":"https:\/\/dev.azhr.tv\/martindorado.es\/wp-json\/wp\/v2\/comments?post=24446"}],"version-history":[{"count":33,"href":"https:\/\/dev.azhr.tv\/martindorado.es\/wp-json\/wp\/v2\/pages\/24446\/revisions"}],"predecessor-version":[{"id":24481,"href":"https:\/\/dev.azhr.tv\/martindorado.es\/wp-json\/wp\/v2\/pages\/24446\/revisions\/24481"}],"wp:attachment":[{"href":"https:\/\/dev.azhr.tv\/martindorado.es\/wp-json\/wp\/v2\/media?parent=24446"}],"curies":[{"name":"wp","href":"https:\/\/api.w.org\/{rel}","templated":true}]}}