{"id":21409,"date":"2025-05-13T10:09:54","date_gmt":"2025-05-13T08:09:54","guid":{"rendered":"https:\/\/dev.azhr.tv\/martindorado.es\/?post_type=product&#038;p=21409"},"modified":"2025-08-05T12:40:15","modified_gmt":"2025-08-05T10:40:15","slug":"atun-martin-dorado-aceite-oliva-120-grs","status":"publish","type":"product","link":"https:\/\/dev.azhr.tv\/martindorado.es\/producto\/atun-martin-dorado-aceite-oliva-120-grs\/","title":{"rendered":"At\u00fan Mart\u00edn Dorado aceite oliva 120 grs."},"content":{"rendered":"","protected":false},"excerpt":{"rendered":"<p>At\u00fan Mart\u00edn Dorado en Aceite de Oliva \u2013 120 g<br \/>\nSabor aut\u00e9ntico del mar, directo a tu mesa.<br \/>\nNuestro at\u00fan en aceite de oliva es un imprescindible en la despensa de cualquier amante del buen comer. Elaborado con piezas seleccionadas de at\u00fan y conservado en aceite de oliva de calidad, mantiene todo su sabor, textura y jugosidad.<br \/>\nIdeal para ensaladas, tostas, pastas o como aperitivo con un poco de pan crujiente. \u00a1Un b\u00e1sico con alma gourmet que siempre apetece!<br \/>\n\ud83e\udd57 Perfecto para comidas ligeras, cenas r\u00e1pidas o picoteos con amigos.<\/p>\n","protected":false},"featured_media":24109,"template":"","meta":[],"product_brand":[303],"product_cat":[185],"product_tag":[199,286,198],"class_list":{"0":"post-21409","1":"product","2":"type-product","3":"status-publish","4":"has-post-thumbnail","6":"product_brand-martin-dorado","7":"product_cat-conservas","8":"product_tag-atun","9":"product_tag-conservas","10":"product_tag-pescados","11":"pa_peso-120-grs","13":"first","14":"instock","15":"taxable","16":"shipping-taxable","17":"purchasable","18":"product-type-simple"},"_links":{"self":[{"href":"https:\/\/dev.azhr.tv\/martindorado.es\/wp-json\/wp\/v2\/product\/21409","targetHints":{"allow":["GET"]}}],"collection":[{"href":"https:\/\/dev.azhr.tv\/martindorado.es\/wp-json\/wp\/v2\/product"}],"about":[{"href":"https:\/\/dev.azhr.tv\/martindorado.es\/wp-json\/wp\/v2\/types\/product"}],"wp:featuredmedia":[{"embeddable":true,"href":"https:\/\/dev.azhr.tv\/martindorado.es\/wp-json\/wp\/v2\/media\/24109"}],"wp:attachment":[{"href":"https:\/\/dev.azhr.tv\/martindorado.es\/wp-json\/wp\/v2\/media?parent=21409"}],"wp:term":[{"taxonomy":"product_brand","embeddable":true,"href":"https:\/\/dev.azhr.tv\/martindorado.es\/wp-json\/wp\/v2\/product_brand?post=21409"},{"taxonomy":"product_cat","embeddable":true,"href":"https:\/\/dev.azhr.tv\/martindorado.es\/wp-json\/wp\/v2\/product_cat?post=21409"},{"taxonomy":"product_tag","embeddable":true,"href":"https:\/\/dev.azhr.tv\/martindorado.es\/wp-json\/wp\/v2\/product_tag?post=21409"}],"curies":[{"name":"wp","href":"https:\/\/api.w.org\/{rel}","templated":true}]}}