{"id":21416,"date":"2025-05-13T10:23:00","date_gmt":"2025-05-13T08:23:00","guid":{"rendered":"https:\/\/dev.azhr.tv\/martindorado.es\/?post_type=product&#038;p=21416"},"modified":"2025-08-05T15:05:42","modified_gmt":"2025-08-05T13:05:42","slug":"atun-ventresca-rojo-olv-245-grs-herpac","status":"publish","type":"product","link":"https:\/\/dev.azhr.tv\/martindorado.es\/producto\/atun-ventresca-rojo-olv-245-grs-herpac\/","title":{"rendered":"At\u00fan ventresca rojo aceite oliva 245 grs. Herpac"},"content":{"rendered":"","protected":false},"excerpt":{"rendered":"<p>Ventresca de At\u00fan Rojo en Aceite de Oliva \u2013 245 g Herpac<br \/>\nLa joya del at\u00fan, para momentos \u00fanicos.<br \/>\nLa ventresca es la parte m\u00e1s valorada del at\u00fan rojo\u2026 y basta un bocado para entender por qu\u00e9. Su textura suave y jugosa, su sabor intenso con ese punto graso tan caracter\u00edstico, la convierten en un manjar irresistible.<br \/>\nPerfecta para aperitivos gourmet, tostas o platos especiales, esta conserva artesana es ideal para compartir \u2014o disfrutar a solas con una copa de vino. Rica en prote\u00ednas y Omega 3 y 6, tambi\u00e9n cuida de ti por dentro.<br \/>\n\ud83d\udccd Elaborada con at\u00fan rojo (Thunnus thynnus) del Atl\u00e1ntico y Mediterr\u00e1neo.<\/p>\n","protected":false},"featured_media":24116,"template":"","meta":[],"product_brand":[204],"product_cat":[185],"product_tag":[199,286,198],"class_list":{"0":"post-21416","1":"product","2":"type-product","3":"status-publish","4":"has-post-thumbnail","6":"product_brand-herpac","7":"product_cat-conservas","8":"product_tag-atun","9":"product_tag-conservas","10":"product_tag-pescados","11":"pa_peso-245-grs","13":"first","14":"instock","15":"taxable","16":"shipping-taxable","17":"purchasable","18":"product-type-simple"},"_links":{"self":[{"href":"https:\/\/dev.azhr.tv\/martindorado.es\/wp-json\/wp\/v2\/product\/21416","targetHints":{"allow":["GET"]}}],"collection":[{"href":"https:\/\/dev.azhr.tv\/martindorado.es\/wp-json\/wp\/v2\/product"}],"about":[{"href":"https:\/\/dev.azhr.tv\/martindorado.es\/wp-json\/wp\/v2\/types\/product"}],"wp:featuredmedia":[{"embeddable":true,"href":"https:\/\/dev.azhr.tv\/martindorado.es\/wp-json\/wp\/v2\/media\/24116"}],"wp:attachment":[{"href":"https:\/\/dev.azhr.tv\/martindorado.es\/wp-json\/wp\/v2\/media?parent=21416"}],"wp:term":[{"taxonomy":"product_brand","embeddable":true,"href":"https:\/\/dev.azhr.tv\/martindorado.es\/wp-json\/wp\/v2\/product_brand?post=21416"},{"taxonomy":"product_cat","embeddable":true,"href":"https:\/\/dev.azhr.tv\/martindorado.es\/wp-json\/wp\/v2\/product_cat?post=21416"},{"taxonomy":"product_tag","embeddable":true,"href":"https:\/\/dev.azhr.tv\/martindorado.es\/wp-json\/wp\/v2\/product_tag?post=21416"}],"curies":[{"name":"wp","href":"https:\/\/api.w.org\/{rel}","templated":true}]}}